{"id":164,"date":"2013-09-18T15:20:22","date_gmt":"2013-09-18T13:20:22","guid":{"rendered":"http:\/\/www.instytut.diecezja.rzeszow.pl\/?page_id=164"},"modified":"2024-02-27T09:48:16","modified_gmt":"2024-02-27T08:48:16","slug":"kierunki-ksztalcenia","status":"publish","type":"page","link":"https:\/\/www.instytut.rzeszow.pl\/?page_id=164","title":{"rendered":"Kierunki kszta\u0142cenia"},"content":{"rendered":"<ul>\n<li>\n<h3><a href=\"http:\/\/www.ur.edu.pl\/wydzialy\/pedagogiczny\/plany-zajec\/studia-stacjonarne\">Nauki o rodzinie UR<\/a><\/h3>\n<\/li>\n<li>\n<h3><a href=\"http:\/\/www.wsd.rzeszow.pl\/\">Wy\u017csze Seminarium Duchowne w\u00a0 Rzeszowie<\/a><\/h3>\n<\/li>\n<li>\n<h3><a href=\"https:\/\/www.instytut.rzeszow.pl\/?page_id=417\">Seminaria doktoranckie\u00a0&#8211; Wydzia\u0142 Nauk Historycznych i Spo\u0142ecznych UKSW<\/a><\/h3>\n<\/li>\n<li>\n<h3><a href=\"http:\/\/www.dso.diecezja.rzeszow.pl\/\">Diecezjalne Studium Organistowskie<\/a><\/h3>\n<\/li>\n<li>\n<h3><a href=\"https:\/\/www.instytut.rzeszow.pl\/?page_id=413\">Studium Biblijne diecezji Rzeszowskiej<\/a><\/h3>\n<\/li>\n<li>\n<h3><a href=\"https:\/\/www.instytut.rzeszow.pl\/?page_id=415\">Diecezjalne Studium \u017bycia Rodzinnego<\/a><\/h3>\n<\/li>\n<li>\n<h3><a href=\"https:\/\/www.instytut.rzeszow.pl\/?page_id=419\">O\u015brodek Edukacji Nauczycieli ITP w Rzeszowie<\/a><\/h3>\n<\/li>\n<li>\n<h3><a title=\"Uniwersytet Trzeciego Wieku Diecezji Rzeszowskiej\" href=\"https:\/\/www.instytut.rzeszow.pl\/?page_id=1500\">Uniwersytet Trzeciego Wieku Diecezji Rzeszowskiej<\/a><\/h3>\n<\/li>\n<\/ul>\n","protected":false},"excerpt":{"rendered":"<p>Nauki o rodzinie UR Wy\u017csze Seminarium Duchowne w\u00a0 Rzeszowie Seminaria doktoranckie\u00a0&#8211; Wydzia\u0142 Nauk Historycznych i Spo\u0142ecznych UKSW Diecezjalne Studium Organistowskie Studium Biblijne diecezji Rzeszowskiej Diecezjalne Studium \u017bycia Rodzinnego O\u015brodek Edukacji Nauczycieli ITP w Rzeszowie Uniwersytet Trzeciego Wieku Diecezji Rzeszowskiej<\/p>\n","protected":false},"author":7,"featured_media":0,"parent":0,"menu_order":0,"comment_status":"closed","ping_status":"closed","template":"","meta":{"site-container-style":"default","site-container-layout":"default","site-sidebar-layout":"default","disable-article-header":"default","disable-site-header":"default","disable-site-footer":"default","disable-content-area-spacing":"default","footnotes":""},"class_list":["post-164","page","type-page","status-publish","hentry"],"_links":{"self":[{"href":"https:\/\/www.instytut.rzeszow.pl\/index.php?rest_route=\/wp\/v2\/pages\/164","targetHints":{"allow":["GET"]}}],"collection":[{"href":"https:\/\/www.instytut.rzeszow.pl\/index.php?rest_route=\/wp\/v2\/pages"}],"about":[{"href":"https:\/\/www.instytut.rzeszow.pl\/index.php?rest_route=\/wp\/v2\/types\/page"}],"author":[{"embeddable":true,"href":"https:\/\/www.instytut.rzeszow.pl\/index.php?rest_route=\/wp\/v2\/users\/7"}],"replies":[{"embeddable":true,"href":"https:\/\/www.instytut.rzeszow.pl\/index.php?rest_route=%2Fwp%2Fv2%2Fcomments&post=164"}],"version-history":[{"count":6,"href":"https:\/\/www.instytut.rzeszow.pl\/index.php?rest_route=\/wp\/v2\/pages\/164\/revisions"}],"predecessor-version":[{"id":3864,"href":"https:\/\/www.instytut.rzeszow.pl\/index.php?rest_route=\/wp\/v2\/pages\/164\/revisions\/3864"}],"wp:attachment":[{"href":"https:\/\/www.instytut.rzeszow.pl\/index.php?rest_route=%2Fwp%2Fv2%2Fmedia&parent=164"}],"curies":[{"name":"wp","href":"https:\/\/api.w.org\/{rel}","templated":true}]}}